ultiple of 19?
False
Does 314 divide 1651640?
True
Is 5 a factor of 29802?
False
Is 2326412 a multiple of 12?
False
Is 11 a factor of 15719?
True
Is 9059 a multiple of 94?
False
Is 405941 a multiple of 2?
False
Is 129648 a multiple of 16?
True
Is 2534707 a multiple of 13?
False
Is 6177680 a multiple of 530?
True
Is 146 a factor of 20900046?
True
Does 36 divide 1613268?
True
Is 746868 a multiple of 218?
True
Does 348 divide 1791156?
True
Is 111010 a multiple of 10?
True
Is 132 a factor of 61776?
True
Does 71 divide 9017?
True
Is 1113734 a multiple of 206?
False
Is 428867 a multiple of 99?
False
Is 4 a factor of 403832?
True
Is 315326 a multiple of 8?
False
Is 154364 a multiple of 7?
True
Does 655 divide 15164587?
False
Does 52 divide 149864?
True
Is 5353165 a multiple of 1528?
False
Does 18 divide 2999536?
False
Is 97 a factor of 5228494?
True
Is 90286 a multiple of 148?
False
Is 7 a factor of 89742?
False
Does 18 divide 7074241?
False
Is 1666494 a multiple of 128?
False
Does 120 divide 2547960?
True
Is 638131 a multiple of 22?
False
Is 5036096 a multiple of 64?
True
Is 13342 a multiple of 276?
False
Is 137851 a multiple of 15?
False
Is 10 a factor of 18259619?
False
Is 100470 a multiple of 591?
True
Does 200 divide 3286000?
True
Is 28 a factor of 39676?
True
Is 245597 a multiple of 83?
True
Is 12114704 a multiple of 1064?
True
Does 128 divide 2087104?
False
Is 199700 a multiple of 50?
True
Does 59 divide 2655?
True
Is 351 a factor of 3736141?
False
Does 182 divide 247702?
True
Does 125 divide 10078185?
False
Does 403 divide 2874196?
True
Is 2433585 a multiple of 301?
True
Is 196 a factor of 9800?
True
Does 8 divide 290953?
False
Is 119400 a multiple of 150?
True
Does 16 divide 1192317?
False
Is 6760 a multiple of 52?
True
Is 257 a factor of 86609?
True
Is 8 a factor of 252600?
True
Is 2587860 a multiple of 20?
True
Does 13 divide 326495?
True
Does 5 divide 24802?
False
Is 345310 a multiple of 1430?
False
Does 136 divide 113424?
True
Is 497700 a multiple of 225?
True
Is 14670624 a multiple of 24?
True
Is 363 a factor of 3518948?
False
Is 7473931 a multiple of 39?
False
Does 51 divide 2354855?
False
Does 20 divide 1070342?
False
Is 3 a factor of 182779?
False
Is 12 a factor of 14094984?
True
Does 637 divide 811538?
True
Is 38703 a multiple of 19?
True
Does 6 divide 5889?
False
Is 10536305 a multiple of 107?
False
Does 14 divide 147037?
False
Does 11 divide 455046?
False
Is 3092886 a multiple of 27?
False
Is 6 a factor of 1189614?
True
Is 1581 a factor of 8300250?
True
Does 99 divide 15562?
False
Does 14 divide 226782?
False
Is 110 a factor of 172039?
False
Does 5 divide 5640?
True
Does 16 divide 57463?
False
Is 446310 a multiple of 19?
True
Is 177200 a multiple of 4?
True
Does 178 divide 4911020?
True
Is 8 a factor of 76144?
True
Is 1017070 a multiple of 433?
False
Is 11 a factor of 10721898?
True
Is 320 a factor of 1202240?
True
Is 9 a factor of 75964?
False
Is 18 a factor of 241248?
False
Is 16 a factor of 1721952?
True
Is 28918 a multiple of 38?
True
Is 346 a factor of 5010176?
False
Is 11 a factor of 692247?
False
Is 100376 a multiple of 39?
False
Is 10741 a multiple of 7?
False
Is 172872 a multiple of 51?
False
Does 9 divide 8015893?
False
Is 1307198 a multiple of 41?
False
Is 62472 a multiple of 76?
True
Is 64 a factor of 180520?
False
Is 550138 a multiple of 77?
False
Is 21 a factor of 220735?
False
Is 1471384 a multiple of 698?
True
Does 559 divide 170495?
True
Does 6 divide 2250680?
False
Does 16 divide 1476016?
True
Is 144704 a multiple of 304?
True
Is 11776430 a multiple of 258?
False
Is 2066416 a multiple of 59?
True
Is 59 a factor of 109858?
True
Is 41404 a multiple of 44?
True
Does 14 divide 530025?
False
Does 10 divide 6915847?
False
Does 259 divide 62937?
True
Is 57871 a multiple of 20?
False
Does 135 divide 135749?
False
Is 306718 a multiple of 36?
False
Is 102 a factor of 2212497?
False
Does 401 divide 16234405?
False
Is 40 a factor of 235920?
True
Does 21 divide 186039?
True
Is 283013 a multiple of 38?
False
Does 62 divide 243874?
False
Does 2 divide 462389?
False
Is 313365 a multiple of 15?
True
Is 111417 a multiple of 14?
False
Is 242 a factor of 4285203?
False
Is 2037331 a multiple of 41?
True
Is 524817 a multiple of 3?
True
Is 255 a factor of 58389?
False
Is 4152022 a multiple of 314?
True
Does 33 divide 1058046?
True
Is 27 a factor of 324196?
False
Is 31 a factor of 128557?
True
Is 80195 a multiple of 2?
False
Is 154 a factor of 4945951?
False
Does 6 divide 514980?
True
Is 171508 a multiple of 212?
True
Does 83 divide 3308000?
False
Is 2864732 a multiple of 89?
True
Is 3937560 a multiple of 24?
True
Does 9 divide 25888?
False
Is 104590 a multiple of 10?
True
Is 210 a factor of 13380752?
False
Is 16939 a multiple of 13?
True
Does 1577 divide 7001832?
False
Is 39 a factor of 1209468?
True
Is 6 a factor of 11368?
False
Is 33733866 a multiple of 14?
False
Is 1237035 a multiple of 15?
True
Is 1252909 a multiple of 901?
False
Is 241174 a multiple of 196?
False
Is 7 a factor of 3283532?
True
Does 746 divide 3004142?
True
Does 52 divide 114764?
True
Is 48 a factor of 351072?
True
Does 76 divide 1266236?
True
Does 31 divide 32878?
False
Is 50 a factor of 5281889?
False
Does 11 divide 181426?
False
Is 29 a factor of 6871580?
False
Does 54 divide 87084?
False
Does 14 divide 5802417?
False
Does 923 divide 959920?
True
Does 26 divide 53333?
False
Is 11 a factor of 848384?
False
Is 3 a factor of 1410?
True
Does 8 divide 493880?
True
Does 159 divide 1049362?
False
Does 21 divide 2298366?
True
Is 39 a factor of 468251?
False
Is 29 a factor of 54118?
False
Is 17 a factor of 1010561?
False
Is 17 a factor of 14239?
False
Does 22 divide 5410372?
True
Does 30 divide 194239?
False
Is 150736 a multiple of 5?
False
Does 32 divide 18265?
False
Does 42 divide 94458?
True
Does 28 divide 1086843?
False
Is 21 a factor of 71098?
False
Is 25 a factor of 4816?
False
Is 169 a factor of 186745?
True
Is 395670 a multiple of 91?
False
Is 608160 a multiple of 336?
True
Is 43 a factor of 346091?
False
Is 2 a factor of 2956493?
False
Is 5 a factor of 467810?
True
Is 2534989 a multiple of 416?
False
Does 29 divide 79112?
True
Does 34 divide 135954?
False
Does 88 divide 19354?
False
Is 63 a factor of 379026?
False
Does 270 divide 46710?
True
Is 1639638 a multiple of 49?
True
Is 66 a factor of 167303?
False
Is 465117 a multiple of 140?
False
Is 2052 a factor of 30691764?
True
Is 7 a factor of 3045?
True
Is 113 a factor of 31632?
False
Does 300 divide 198900?
True
Is 106645 a multiple of 277?
True
Does 1730 divide 10901489?
False
Is 79119 a multiple of 27?
False
Is 32 a factor of 629888?
True
Does 12 divide 1545108?
True
Is 64263 a multiple of 93?
True
Is 40 a factor of 1945280?
True
Does 51 divide 9557557?
False
Is 29 a factor of 3393?
True
Is 18 a factor of 2636562?
False
Is 126450 a multiple of 50?
True
Does 13 divide 19667648?
True
Is 428382 a multiple of 54?
True
Is 2830792 a multiple of 214?
True
Does 10 divide 1067182?
False
Is 335580 a multiple of 17?
True
Is 82 a factor of 229518?
True
Is 13151523 a multiple of 289?
True
Is 13 a factor of 1220729?
False
Is 13 a factor of 87513?
False
Does 10 divide 79365?
False
Is 1439428 a multiple of 4?
True
Is 58078 a multiple of 13?
False
Is 965352 a multiple of 12?
True
Is 650916 a multiple of 27?
True
Is 147 a factor of 79527?
True
Does 121 divide 701271?
False
Is 529 a factor of 1176496?
True
Is 6087600 a multiple of 57?
True
Is 22 a factor of 90882?
True
Is 1701297 a multiple of 6?
False
Does 65 divide 208743?
False
Does 7 divide 87955?
True
Is 548312 a multiple of 8?
True
Does 46 divide 38226?
True
Is 4807920 a multiple of 1005?
True
Is 38 a factor of 2537298?
True
Does 62 divide 116870?
True
Does 108 divide 179950?
False
Is 23 a factor of 5822427?
True
Is 43022 a multiple of 75?
False
Is 1940057 a multiple of 14?
False
Is 188 a factor of 182736?
True
Is 26 a factor of 6240?
True
Is 113 a factor of 7089051?
False
Is 4 a factor of 218588?
True
Does 7 divide 11136041?
True
Is 184 a factor of 86931?
False
Is 60928 a multiple of 28?
True
Is 270068 a multiple of 91?
False
Is 424 a factor of 12988333?
False
Is 6 a factor of 4896450?
True
Does 576 divide 367680?
False
Does 279 divide 62405?
False
Is 4 a factor of 9